of (67932/(-340))/(1/(-5))?
9
Let x = 326 - 304. What is the units digit of x?
2
Let b = 108 + -76. Suppose -3*s - b = -125. What is the tens digit of s?
3
Suppose 77 - 4 = j. Let m = -52 + j. What is the tens digit of m?
2
Let a(d) = 841*d - 47. What is the thousands digit of a(2)?
1
Suppose 0*n + n + d - 508 = 0, -2*d - 1008 = -2*n. What is the hundreds digit of n?
5
Let h = 7 + 1. Suppose 5*q = 5*n - h*n + 742, 0 = -4*q - 2*n + 594. What is the tens digit of q?
4
What is the units digit of 3*4*(-442)/(-6)?
4
Let z = -26 + 24. What is the tens digit of -2 + 49 + 2 + z?
4
Suppose -3*o - i + 2*i = -14, i + 20 = 4*o. Suppose 0 = -2*y + y + o. What is the units digit of 64/5*(11 - y)?
4
Suppose -2*t = -5*o - 70, 0 = t - 6 + 1. What is the units digit of 120/o*2/(-4)?
5
Let p = 15 + -31. Let n = p + 19. Suppose 7*d - 176 = n*d. What is the tens digit of d?
4
Suppose 0 = 3*q - 18 - 6. What is the hundreds digit of 1144/q + (-2)/(-1)?
1
Let i(u) = -24*u - 207. What is the tens digit of i(-10)?
3
Suppose -2*r = -5*f - 1117, -2036 = -3*r + f - 328. What is the units digit of r?
1
Let k be ((-1)/(-2))/((-3)/6) - -73. Let r = k - -40. What is the units digit of r?
2
Suppose 122*i + 755 = 127*i. What is the tens digit of i?
5
Let u(h) = h**3 - h**2 - 13*h + 18. Let c be u(8). Let p = 561 - c. What is the hundreds digit of p?
1
Suppose 2*j - 2*c - 3 = j, -21 = -5*j + 4*c. Let n be j/15 + (-88)/(-6). Suppose -6*u = -7*u + n. What is the tens digit of u?
1
Let j(f) = f + 13. Let t be j(-14). Let k be -5 + 53 + -2 + t. Suppose -4*x = -x - k. What is the units digit of x?
5
Suppose -1842 = -2*v - 4*c, 0*c = -c + 3. Suppose -5*p + 2*u + v = 0, 3*p - p - 366 = 2*u. What is the units digit of p?
3
What is the tens digit of 1 - (-472 + -6) - 2?
7
What is the units digit of (-13)/(3762/(-537) + 7)?
7
Let s(i) = i**2 + i - 4. Let c be s(-3). Suppose d = -c*d + 108. What is the units digit of d/3 - 3/1?
9
Let g = -35 + 42. Suppose -g = w - 5*m - 31, -4*w + 2*m + 96 = 0. What is the units digit of w?
4
Let x = 108 + -162. Let k = 12 - x. What is the units digit of k?
6
Let d be (2/4)/((-12)/(-48)). Suppose -f + 197 = d*v, 2*f = -2*f + 3*v + 777. What is the hundreds digit of f?
1
Suppose -4*r = 2*b - 792, 1592 = 4*b + 20*r - 16*r. What is the hundreds digit of b?
4
Let z be 2/4 - 24/(-16). Let d(s) = 2*s - z*s - s - 11 - 2*s. What is the tens digit of d(-12)?
2
Let c(n) = -4*n**3 - n**2 + n. Let q be c(-1). Suppose -q*v + 12 = -96. What is the tens digit of v?
5
What is the tens digit of (-12)/(-20)*(7 + 1278)?
7
Let h(r) = r**3 - 6*r**2. Let x be h(6). Suppose -2*l - 3 + 7 = x. Suppose -194 = -4*f + l. What is the tens digit of f?
4
Suppose -10*i - 4*i = -5*i. Suppose 2*r - 220 = 2*j, 0 = -i*j + j - 2. What is the units digit of r?
2
Let h(a) = 2*a**3 - 26*a**2 - 56*a - 23. What is the hundreds digit of h(16)?
6
Let f = 51 - 51. What is the hundreds digit of 3*(1 + f + (-2254)/(-42))?
1
Let q(c) = c**3 + 3*c**2 + c - 2. Let i be q(-4). Let z be -1 - 1 - (i - -17). Suppose -z*f + 24 = -180. What is the units digit of f?
8
Suppose -5*b = -z - z - 1035, -5*b = -4*z - 2095. What is the units digit of z/(-11) + 26/(-143)?
8
Let j be (-2 - -3)*48/2. Let a be (j/14 - 2)*-7. Suppose 5 = -a*s + 23. What is the units digit of s?
9
Let z = -36 + 34. Let m(n) = -13*n + 3. What is the tens digit of m(z)?
2
Let a = -9 - -11. Suppose -4*z + a = -14. Suppose 60 = 4*w + 2*l, -40 = -2*w + z*l - 0*l. What is the units digit of w?
6
Suppose -4*g + 699 = -g. What is the tens digit of g?
3
Let t be ((9/(-2))/(-3))/(4/(-8)). What is the units digit of 1 + 0 + t + 0 + 41?
9
Let b(d) = -d**2 - 11*d - 19. Let r be b(-8). Suppose -7*s + r*s = 0. Suppose s = -6*g + 23 + 253. What is the units digit of g?
6
Suppose 3*y - 8 + 0 = 5*b, -3*y + 4 = -b. Suppose 0 = -4*r - 11 - y. Let s = 31 - r. What is the tens digit of s?
3
Let j = 17 - 4. What is the hundreds digit of (j + -6)*(20 - 1)?
1
Let o = 20 + -17. Suppose 21 = o*m - 42. What is the tens digit of m + -10 + 0 + 0?
1
Suppose 0*g + 5*g = 70. Let i = g - 28. What is the units digit of 3/((-24)/i)*12?
1
Suppose 4*c + 5*o - 10324 = 0, 3*c - 65*o = -70*o + 7748. What is the thousands digit of c?
2
Let s = 6 - -142. What is the tens digit of s?
4
Let d = 5 - 2. Suppose d*k - 6*k = -372. What is the units digit of k?
4
Suppose 25 = -0*z + 5*z. Let m = -1 + z. Let f = m - -27. What is the units digit of f?
1
Let o = 4597 - 3190. What is the hundreds digit of o?
4
Let x(m) = 16*m + 2. Let v be x(2). Let s(a) = v + 8*a + 5*a - 35. What is the units digit of s(1)?
2
What is the hundreds digit of 4/6*-1*194097/(-46)?
8
Suppose -c + 1176 = c - 4*k, 5*k - 1212 = -2*c. What is the hundreds digit of c?
5
Suppose m - 4*m - 4*r + 277 = 0, -92 = -m - r. Suppose -m - 161 = -4*w. What is the tens digit of w?
6
Let s(t) = 47*t + 21. Let b = 79 - 74. What is the tens digit of s(b)?
5
Suppose -3*q = -20 - 34. Suppose -5*n - 15 = 0, 3*n + n - q = -5*s. Suppose -3*c = -48 - s. What is the tens digit of c?
1
Let a(l) = 3*l**2 + 24*l + 102. What is the tens digit of a(-11)?
0
Let n = 1356 + -527. What is the units digit of n?
9
Let m = 92 + -92. What is the units digit of (m - (-7)/(-5))/(7/(-175))?
5
Let r(f) = 22*f**3 - 5*f**2 + 9*f - 6. What is the units digit of r(3)?
0
Suppose -5*l - 86*v + 84*v = -18256, 3*l - 2*v = 10960. What is the hundreds digit of l?
6
Let a(d) = -2*d**2 + 20*d - 30. Let q be a(8). Suppose -4 = -5*b - 4*k + 16, -q*b = -k - 8. What is the units digit of b?
4
Let y = 89 + -84. Suppose y*j + p = 478, 0 = -0*j + 5*j + 3*p - 474. What is the units digit of j?
6
Let w(b) = -b**2 + 27*b - 10. Let f be w(8). Let j = -89 + f. What is the units digit of j?
3
Let g = 1 + 8. Let v be (-30)/(g/66 + 0). What is the units digit of ((-2)/(-8))/((-5)/v)?
1
Suppose -574 = 8*i - 2342. Suppose -3*u + i = 38. What is the tens digit of u?
6
Suppose 5*k = 4*n + 35, 0 = -3*n + n - 10. What is the tens digit of (-2)/k + 1 - (-483)/9?
5
Let m(n) = -95*n - 3. Let v(d) = -d. Let s be v(2). Let t be m(s). Let r = t - 122. What is the tens digit of r?
6
Suppose -3*l = -0*r + 2*r - 1476, -4*r = -l - 2966. What is the tens digit of r?
4
Let q be (-13)/((4/12)/(12/(-9))). Let z = 291 + q. What is the tens digit of z?
4
Suppose 5*u + 43 = 4*f, -3*u + 2*u = 3. Let r(p) be the second derivative of -p**5/20 + p**4/2 + 7*p**3/6 + 5*p**2 - p. What is the tens digit of r(f)?
1
Let h = 784 - 446. What is the tens digit of h?
3
Suppose 492 - 10853 = -13*n. What is the tens digit of n?
9
Suppose -4*f + 0*f + 2*k + 2738 = 0, -2*f + 1367 = -3*k. What is the units digit of f?
5
Suppose 3*i = 9, -4*i + 2 - 6 = 4*y. Let g(j) = 2*j**2 - 6*j - 3. Let l(c) = c**2. Let s(z) = -g(z) + 4*l(z). What is the units digit of s(y)?
1
Let n = -19 - -32. Suppose 9*x + 4 = n*x. Suppose -8 = -3*m + x. What is the units digit of m?
3
Suppose -3*c = 3*k - 1350, 5*k = 5 - 0. What is the tens digit of c?
4
Let r be 0/(-7) + -176 + 0. Let l = r + 305. Suppose 3*k = -k + 4*b + 248, -2*k = -3*b - l. What is the tens digit of k?
5
Suppose 4795 = 30*r - 23*r. Let u = -433 + r. What is the tens digit of u?
5
Let s = -84 + 1177. What is the hundreds digit of s?
0
Suppose -4 = -2*b, 5*u - u = -3*b + 11486. What is the hundreds digit of u?
8
Suppose 53*w - 49*w + 5*z = 273, 4*w - 233 = 3*z. What is the tens digit of w?
6
Suppose 0 = -o - 4*j + 1001, 0 = -0*j - 3*j. What is the thousands digit of o?
1
Let d(m) = 46*m**2 + m + 2. Let x be d(-2). Let j = x + -130. What is the tens digit of j?
5
Let t be (-3)/2*80/(-24). Suppose -7*b + 186 = -t*b. What is the tens digit of b?
9
Suppose -4*x - 63 = -7*x. Suppose 3*s = 4*k + 5 - 2, -2*s = 3*k - 2. What is the units digit of 7/(x/12) + s?
5
Suppose 3*b - 3 = -3*l, -3*b = 5*l - 6*b - 21. Let a = 2 - -3. Suppose -19 = -a*c - d + 30, -31 = -l*c - d. What is the units digit of c?
9
What is the units digit of (13 - 479)/(4/(-2))?
3
Let w(d) = d + 4. Suppose -5*i - 55 = -5*s, -4*i - 38 = -3*s - 2*i. Let r be w(s). Let m = r - 12. What is the units digit of m?
8
Let h be 4 + -1 - (2 + -354). Suppose h = l + 4*l. What is the units digit of l?
1
Let k(v) = v**3 + 11*v**2 - 14*v - 14. Let f be k(-12). Let a = f + -14. What is the tens digit of (-2)/a*(8 + 50)?
2
Let a = -22 + 